{"id":998,"date":"2025-09-03T09:27:57","date_gmt":"2025-09-03T09:27:57","guid":{"rendered":"https:\/\/landschaftskongress.ch\/2018\/?page_id=998"},"modified":"2025-10-15T08:20:13","modified_gmt":"2025-10-15T08:20:13","slug":"aktuelles","status":"publish","type":"page","link":"https:\/\/landschaftskongress.ch\/2018\/","title":{"rendered":"Aktuelles"},"content":{"rendered":"\t\t<div data-elementor-type=\"wp-page\" data-elementor-id=\"998\" class=\"elementor elementor-998\" data-elementor-post-type=\"page\">\n\t\t\t\t<div class=\"elementor-element elementor-element-cb320cf e-con-full e-flex e-con e-parent\" data-id=\"cb320cf\" data-element_type=\"container\" data-e-type=\"container\" data-settings=\"{&quot;sticky&quot;:&quot;top&quot;,&quot;animation&quot;:&quot;none&quot;,&quot;position&quot;:&quot;absolute&quot;,&quot;background_background&quot;:&quot;classic&quot;,&quot;sticky_on&quot;:[&quot;desktop&quot;,&quot;tablet&quot;,&quot;mobile&quot;],&quot;sticky_offset&quot;:0,&quot;sticky_effects_offset&quot;:0,&quot;sticky_anchor_link_offset&quot;:0}\">\n\t\t<div class=\"elementor-element elementor-element-ead3a22 e-con-full e-flex elementor-invisible e-con e-child\" data-id=\"ead3a22\" data-element_type=\"container\" data-e-type=\"container\" data-settings=\"{&quot;animation&quot;:&quot;fadeInUp&quot;}\">\n\t\t\t\t<div class=\"elementor-element elementor-element-8cfd7a1 elementor-widget elementor-widget-image\" data-id=\"8cfd7a1\" data-element_type=\"widget\" data-e-type=\"widget\" id=\"headerTitel_01\" data-widget_type=\"image.default\">\n\t\t\t\t<div class=\"elementor-widget-container\">\n\t\t\t\t\t\t\t\t\t\t\t\t\t\t\t<img fetchpriority=\"high\" decoding=\"async\" width=\"595\" height=\"294\" src=\"https:\/\/landschaftskongress.ch\/2018\/wp-content\/uploads\/2025\/09\/landschaftskongress_2018_logo_DE.svg\" class=\"attachment-large size-large wp-image-1021\" alt=\"\" \/>\t\t\t\t\t\t\t\t\t\t\t\t\t\t\t<\/div>\n\t\t\t\t<\/div>\n\t\t\t\t<\/div>\n\t\t<div class=\"elementor-element elementor-element-23fee91 e-con-full e-flex elementor-invisible e-con e-child\" data-id=\"23fee91\" data-element_type=\"container\" data-e-type=\"container\" data-settings=\"{&quot;animation&quot;:&quot;fadeInUp&quot;}\">\n\t\t\t\t<div class=\"elementor-element elementor-element-89e9628 elementor-widget elementor-widget-heading\" data-id=\"89e9628\" data-element_type=\"widget\" data-e-type=\"widget\" id=\"headerTitel_02\" data-widget_type=\"heading.default\">\n\t\t\t\t<div class=\"elementor-widget-container\">\n\t\t\t\t\t<h1 class=\"elementor-heading-title elementor-size-default\">SCH\u00d6NE<br>AUSSICHTEN?<\/h1>\t\t\t\t<\/div>\n\t\t\t\t<\/div>\n\t\t\t\t<\/div>\n\t\t\t\t<\/div>\n\t\t<div class=\"elementor-element elementor-element-20aa8ad e-con-full e-flex e-con e-parent\" data-id=\"20aa8ad\" data-element_type=\"container\" data-e-type=\"container\">\n\t\t\t\t<div class=\"elementor-element elementor-element-fe57bb2 elementor-widget elementor-widget-image\" data-id=\"fe57bb2\" data-element_type=\"widget\" data-e-type=\"widget\" data-widget_type=\"image.default\">\n\t\t\t\t<div class=\"elementor-widget-container\">\n\t\t\t\t\t\t\t\t\t\t\t\t\t\t\t<img decoding=\"async\" width=\"800\" height=\"353\" src=\"https:\/\/landschaftskongress.ch\/2018\/wp-content\/uploads\/2025\/09\/landschaftskongress-2018-header-grafik-startseite.svg\" class=\"attachment-large size-large wp-image-1025\" alt=\"\" \/>\t\t\t\t\t\t\t\t\t\t\t\t\t\t\t<\/div>\n\t\t\t\t<\/div>\n\t\t\t\t<\/div>\n\t\t<div class=\"elementor-element elementor-element-a9b9272 e-flex e-con-boxed e-con e-parent\" data-id=\"a9b9272\" data-element_type=\"container\" data-e-type=\"container\" data-settings=\"{&quot;background_background&quot;:&quot;classic&quot;}\">\n\t\t\t\t\t<div class=\"e-con-inner\">\n\t\t\t\t<div class=\"elementor-element elementor-element-d507aab elementor-widget elementor-widget-heading\" data-id=\"d507aab\" data-element_type=\"widget\" data-e-type=\"widget\" data-widget_type=\"heading.default\">\n\t\t\t\t<div class=\"elementor-widget-container\">\n\t\t\t\t\t<h2 class=\"elementor-heading-title elementor-size-default\">News \/ Aktuelles<\/h2>\t\t\t\t<\/div>\n\t\t\t\t<\/div>\n\t\t<div class=\"elementor-element elementor-element-10a46e6 e-con-full e-flex e-con e-child\" data-id=\"10a46e6\" data-element_type=\"container\" data-e-type=\"container\">\n\t\t\t\t<div class=\"elementor-element elementor-element-9bc2d4e elementor-invisible elementor-widget elementor-widget-heading\" data-id=\"9bc2d4e\" data-element_type=\"widget\" data-e-type=\"widget\" data-settings=\"{&quot;_animation&quot;:&quot;fadeInUp&quot;}\" data-widget_type=\"heading.default\">\n\t\t\t\t<div class=\"elementor-widget-container\">\n\t\t\t\t\t<h3 class=\"elementor-heading-title elementor-size-default\">23. - 24. August 2018 in Luzern<\/h3>\t\t\t\t<\/div>\n\t\t\t\t<\/div>\n\t\t\t\t<div class=\"elementor-element elementor-element-17d7a4b elementor-invisible elementor-widget elementor-widget-text-editor\" data-id=\"17d7a4b\" data-element_type=\"widget\" data-e-type=\"widget\" data-settings=\"{&quot;_animation&quot;:&quot;fadeIn&quot;,&quot;_animation_delay&quot;:300}\" data-widget_type=\"text-editor.default\">\n\t\t\t\t<div class=\"elementor-widget-container\">\n\t\t\t\t\t\t\t\t\t<p>Wie sieht die Schweiz von morgen aus? Welche Landschaften w\u00fcnschen wir uns und was sind sie uns wert? Wie pr\u00e4gen Megatrends und Ver\u00e4nderungen in unserem pers\u00f6nlichen Verhalten die k\u00fcnftige Landschaft? Wer sind die zentralen Akteure der Landschaftsentwicklung? Welche Steuerungsinstrumente stehen uns zur Verf\u00fcgung und welche sollten neu geschaffen werden?\u00a0Der <strong>1. Schweizer Landschaftskongress<\/strong> des <a class=\"external\" href=\"http:\/\/www.forumlandschaft.ch\/\" target=\"_blank\" rel=\"noopener\" data-link-target=\"blank\">Forums Landschaft<\/a> l\u00e4dt Vertreterinnen und Vertreter aus Politik und Praxis, Forschung und Lehre ein zum Austausch \u00fcber die vielschichtigen Fragestellungen, die unseren Lebensraum betreffen. Der Kongress hat zum Ziel, gemeinsame Werte und Qualit\u00e4ten, aber auch Bruchstellen und Kontroversen aufzudecken und eine fruchtbare Debatte zur Weiterentwicklung der Landschaft anzustossen.<\/p>\t\t\t\t\t\t\t\t<\/div>\n\t\t\t\t<\/div>\n\t\t\t\t<\/div>\n\t\t<div class=\"elementor-element elementor-element-f4e7bc1 e-con-full e-flex e-con e-child\" data-id=\"f4e7bc1\" data-element_type=\"container\" data-e-type=\"container\">\n\t\t\t\t<div class=\"elementor-element elementor-element-df73103 elementor-invisible elementor-widget elementor-widget-text-editor\" data-id=\"df73103\" data-element_type=\"widget\" data-e-type=\"widget\" data-settings=\"{&quot;_animation&quot;:&quot;fadeIn&quot;,&quot;_animation_delay&quot;:300}\" data-widget_type=\"text-editor.default\">\n\t\t\t\t<div class=\"elementor-widget-container\">\n\t\t\t\t\t\t\t\t\t<p>Die Folien der meisten Vortr\u00e4ge sind nun aufgeschaltet.\u00a0Zum Herunterladen gehen Sie zum Programm und klicken auf den Vortrag, der Sie interessiert.<\/p>\t\t\t\t\t\t\t\t<\/div>\n\t\t\t\t<\/div>\n\t\t\t\t<\/div>\n\t\t<div class=\"elementor-element elementor-element-8821ffa e-con-full e-flex e-con e-child\" data-id=\"8821ffa\" data-element_type=\"container\" data-e-type=\"container\">\n\t\t\t\t<div class=\"elementor-element elementor-element-44d757b elementor-invisible elementor-widget elementor-widget-heading\" data-id=\"44d757b\" data-element_type=\"widget\" data-e-type=\"widget\" data-settings=\"{&quot;_animation&quot;:&quot;fadeInUp&quot;}\" data-widget_type=\"heading.default\">\n\t\t\t\t<div class=\"elementor-widget-container\">\n\t\t\t\t\t<h3 class=\"elementor-heading-title elementor-size-default\">Videos zum 1. Schweizer Landschaftskongress<\/h3>\t\t\t\t<\/div>\n\t\t\t\t<\/div>\n\t\t<div class=\"elementor-element elementor-element-8b0734d e-grid e-con-full e-con e-child\" data-id=\"8b0734d\" data-element_type=\"container\" data-e-type=\"container\">\n\t\t<div class=\"elementor-element elementor-element-0ef4294 e-con-full e-flex elementor-invisible e-con e-child\" data-id=\"0ef4294\" data-element_type=\"container\" data-e-type=\"container\" data-settings=\"{&quot;animation&quot;:&quot;fadeIn&quot;,&quot;animation_delay&quot;:300}\">\n\t\t\t\t<div class=\"elementor-element elementor-element-f1aec86 elementor-widget elementor-widget-video\" data-id=\"f1aec86\" data-element_type=\"widget\" data-e-type=\"widget\" data-settings=\"{&quot;youtube_url&quot;:&quot;https:\\\/\\\/www.youtube.com\\\/embed\\\/A7ZJvSLUp1I&quot;,&quot;video_type&quot;:&quot;youtube&quot;,&quot;controls&quot;:&quot;yes&quot;}\" data-widget_type=\"video.default\">\n\t\t\t\t<div class=\"elementor-widget-container\">\n\t\t\t\t\t\t\t<div class=\"elementor-wrapper elementor-open-inline\">\n\t\t\t<div class=\"elementor-video\"><\/div>\t\t<\/div>\n\t\t\t\t\t\t<\/div>\n\t\t\t\t<\/div>\n\t\t\t\t<\/div>\n\t\t<div class=\"elementor-element elementor-element-4297828 e-con-full e-flex elementor-invisible e-con e-child\" data-id=\"4297828\" data-element_type=\"container\" data-e-type=\"container\" data-settings=\"{&quot;animation&quot;:&quot;fadeIn&quot;,&quot;animation_delay&quot;:300}\">\n\t\t\t\t<div class=\"elementor-element elementor-element-6ed3490 elementor-widget elementor-widget-video\" data-id=\"6ed3490\" data-element_type=\"widget\" data-e-type=\"widget\" data-settings=\"{&quot;youtube_url&quot;:&quot;https:\\\/\\\/www.youtube.com\\\/embed\\\/qYVSamZia8g&quot;,&quot;video_type&quot;:&quot;youtube&quot;,&quot;controls&quot;:&quot;yes&quot;}\" data-widget_type=\"video.default\">\n\t\t\t\t<div class=\"elementor-widget-container\">\n\t\t\t\t\t\t\t<div class=\"elementor-wrapper elementor-open-inline\">\n\t\t\t<div class=\"elementor-video\"><\/div>\t\t<\/div>\n\t\t\t\t\t\t<\/div>\n\t\t\t\t<\/div>\n\t\t\t\t<\/div>\n\t\t\t\t<\/div>\n\t\t\t\t<\/div>\n\t\t<div class=\"elementor-element elementor-element-179bbd4 e-con-full e-flex e-con e-child\" data-id=\"179bbd4\" data-element_type=\"container\" data-e-type=\"container\">\n\t\t\t\t<div class=\"elementor-element elementor-element-cd73149 elementor-invisible elementor-widget elementor-widget-heading\" data-id=\"cd73149\" data-element_type=\"widget\" data-e-type=\"widget\" data-settings=\"{&quot;_animation&quot;:&quot;fadeInUp&quot;}\" data-widget_type=\"heading.default\">\n\t\t\t\t<div class=\"elementor-widget-container\">\n\t\t\t\t\t<h3 class=\"elementor-heading-title elementor-size-default\">Das Faltprogramm ist online verf\u00fcgbar:<\/h3>\t\t\t\t<\/div>\n\t\t\t\t<\/div>\n\t\t\t\t<div class=\"elementor-element elementor-element-e120ee9 elementor-invisible elementor-widget elementor-widget-text-editor\" data-id=\"e120ee9\" data-element_type=\"widget\" data-e-type=\"widget\" data-settings=\"{&quot;_animation&quot;:&quot;fadeIn&quot;,&quot;_animation_delay&quot;:300}\" data-widget_type=\"text-editor.default\">\n\t\t\t\t<div class=\"elementor-widget-container\">\n\t\t\t\t\t\t\t\t\t<p>Downloads:<br \/>\u2013 <a href=\"https:\/\/landschaftskongress.ch\/2018\/wp-content\/uploads\/2025\/10\/090818_DE_Landschaft_Programm_web.pdf\" target=\"_blank\" rel=\"noopener\">Faltprogramm<\/a><\/p>\t\t\t\t\t\t\t\t<\/div>\n\t\t\t\t<\/div>\n\t\t\t\t<\/div>\n\t\t\t\t\t<\/div>\n\t\t\t\t<\/div>\n\t\t\t\t<\/div>\n\t\t","protected":false},"excerpt":{"rendered":"<p>SCH\u00d6NEAUSSICHTEN? News \/ Aktuelles 23. &#8211; 24. August 2018 in Luzern Wie sieht die Schweiz von morgen aus? Welche Landschaften w\u00fcnschen wir uns und was sind sie uns wert? Wie pr\u00e4gen Megatrends und Ver\u00e4nderungen in unserem pers\u00f6nlichen Verhalten die k\u00fcnftige Landschaft? Wer sind die zentralen Akteure der Landschaftsentwicklung? Welche Steuerungsinstrumente stehen uns zur Verf\u00fcgung und [&hellip;]<\/p>\n","protected":false},"author":1,"featured_media":0,"parent":0,"menu_order":0,"comment_status":"closed","ping_status":"closed","template":"","meta":{"footnotes":""},"class_list":["post-998","page","type-page","status-publish","hentry"],"_links":{"self":[{"href":"https:\/\/landschaftskongress.ch\/2018\/wp-json\/wp\/v2\/pages\/998","targetHints":{"allow":["GET"]}}],"collection":[{"href":"https:\/\/landschaftskongress.ch\/2018\/wp-json\/wp\/v2\/pages"}],"about":[{"href":"https:\/\/landschaftskongress.ch\/2018\/wp-json\/wp\/v2\/types\/page"}],"author":[{"embeddable":true,"href":"https:\/\/landschaftskongress.ch\/2018\/wp-json\/wp\/v2\/users\/1"}],"replies":[{"embeddable":true,"href":"https:\/\/landschaftskongress.ch\/2018\/wp-json\/wp\/v2\/comments?post=998"}],"version-history":[{"count":43,"href":"https:\/\/landschaftskongress.ch\/2018\/wp-json\/wp\/v2\/pages\/998\/revisions"}],"predecessor-version":[{"id":1191,"href":"https:\/\/landschaftskongress.ch\/2018\/wp-json\/wp\/v2\/pages\/998\/revisions\/1191"}],"wp:attachment":[{"href":"https:\/\/landschaftskongress.ch\/2018\/wp-json\/wp\/v2\/media?parent=998"}],"curies":[{"name":"wp","href":"https:\/\/api.w.org\/{rel}","templated":true}]}}

<div data-elementor-type="wp-page" data-elementor-id="998" class="elementor elementor-998" data-elementor-post-type="page">
				<div class="elementor-element elementor-element-cb320cf e-con-full e-flex e-con e-parent" data-id="cb320cf" data-element_type="container" data-e-type="container" data-settings="{&quot;sticky&quot;:&quot;top&quot;,&quot;animation&quot;:&quot;none&quot;,&quot;position&quot;:&quot;absolute&quot;,&quot;background_background&quot;:&quot;classic&quot;,&quot;sticky_on&quot;:[&quot;desktop&quot;,&quot;tablet&quot;,&quot;mobile&quot;],&quot;sticky_offset&quot;:0,&quot;sticky_effects_offset&quot;:0,&quot;sticky_anchor_link_offset&quot;:0}">
		<div class="elementor-element elementor-element-ead3a22 e-con-full e-flex elementor-invisible e-con e-child" data-id="ead3a22" data-element_type="container" data-e-type="container" data-settings="{&quot;animation&quot;:&quot;fadeInUp&quot;}">
				<div class="elementor-element elementor-element-8cfd7a1 elementor-widget elementor-widget-image" data-id="8cfd7a1" data-element_type="widget" data-e-type="widget" id="headerTitel_01" data-widget_type="image.default">
				<div class="elementor-widget-container">
															<img fetchpriority="high" decoding="async" width="595" height="294" src="https://landschaftskongress.ch/2018/wp-content/uploads/2025/09/landschaftskongress_2018_logo_DE.svg" class="attachment-large size-large wp-image-1021" alt="" />															</div>
				</div>
				</div>
		<div class="elementor-element elementor-element-23fee91 e-con-full e-flex elementor-invisible e-con e-child" data-id="23fee91" data-element_type="container" data-e-type="container" data-settings="{&quot;animation&quot;:&quot;fadeInUp&quot;}">
				<div class="elementor-element elementor-element-89e9628 elementor-widget elementor-widget-heading" data-id="89e9628" data-element_type="widget" data-e-type="widget" id="headerTitel_02" data-widget_type="heading.default">
				<div class="elementor-widget-container">
					<h1 class="elementor-heading-title elementor-size-default">SCHÖNE<br>AUSSICHTEN?</h1>				</div>
				</div>
				</div>
				</div>
		<div class="elementor-element elementor-element-20aa8ad e-con-full e-flex e-con e-parent" data-id="20aa8ad" data-element_type="container" data-e-type="container">
				<div class="elementor-element elementor-element-fe57bb2 elementor-widget elementor-widget-image" data-id="fe57bb2" data-element_type="widget" data-e-type="widget" data-widget_type="image.default">
				<div class="elementor-widget-container">
															<img decoding="async" width="800" height="353" src="https://landschaftskongress.ch/2018/wp-content/uploads/2025/09/landschaftskongress-2018-header-grafik-startseite.svg" class="attachment-large size-large wp-image-1025" alt="" />															</div>
				</div>
				</div>
		<div class="elementor-element elementor-element-a9b9272 e-flex e-con-boxed e-con e-parent" data-id="a9b9272" data-element_type="container" data-e-type="container" data-settings="{&quot;background_background&quot;:&quot;classic&quot;}">
					<div class="e-con-inner">
				<div class="elementor-element elementor-element-d507aab elementor-widget elementor-widget-heading" data-id="d507aab" data-element_type="widget" data-e-type="widget" data-widget_type="heading.default">
				<div class="elementor-widget-container">
					<h2 class="elementor-heading-title elementor-size-default">News / Aktuelles</h2>				</div>
				</div>
		<div class="elementor-element elementor-element-10a46e6 e-con-full e-flex e-con e-child" data-id="10a46e6" data-element_type="container" data-e-type="container">
				<div class="elementor-element elementor-element-9bc2d4e elementor-invisible elementor-widget elementor-widget-heading" data-id="9bc2d4e" data-element_type="widget" data-e-type="widget" data-settings="{&quot;_animation&quot;:&quot;fadeInUp&quot;}" data-widget_type="heading.default">
				<div class="elementor-widget-container">
					<h3 class="elementor-heading-title elementor-size-default">23. - 24. August 2018 in Luzern</h3>				</div>
				</div>
				<div class="elementor-element elementor-element-17d7a4b elementor-invisible elementor-widget elementor-widget-text-editor" data-id="17d7a4b" data-element_type="widget" data-e-type="widget" data-settings="{&quot;_animation&quot;:&quot;fadeIn&quot;,&quot;_animation_delay&quot;:300}" data-widget_type="text-editor.default">
				<div class="elementor-widget-container">
									<p>Wie sieht die Schweiz von morgen aus? Welche Landschaften wünschen wir uns und was sind sie uns wert? Wie prägen Megatrends und Veränderungen in unserem persönlichen Verhalten die künftige Landschaft? Wer sind die zentralen Akteure der Landschaftsentwicklung? Welche Steuerungsinstrumente stehen uns zur Verfügung und welche sollten neu geschaffen werden? Der <strong>1. Schweizer Landschaftskongress</strong> des <a class="external" href="http://www.forumlandschaft.ch/" target="_blank" rel="noopener" data-link-target="blank">Forums Landschaft</a> lädt Vertreterinnen und Vertreter aus Politik und Praxis, Forschung und Lehre ein zum Austausch über die vielschichtigen Fragestellungen, die unseren Lebensraum betreffen. Der Kongress hat zum Ziel, gemeinsame Werte und Qualitäten, aber auch Bruchstellen und Kontroversen aufzudecken und eine fruchtbare Debatte zur Weiterentwicklung der Landschaft anzustossen.</p>								</div>
				</div>
				</div>
		<div class="elementor-element elementor-element-f4e7bc1 e-con-full e-flex e-con e-child" data-id="f4e7bc1" data-element_type="container" data-e-type="container">
				<div class="elementor-element elementor-element-df73103 elementor-invisible elementor-widget elementor-widget-text-editor" data-id="df73103" data-element_type="widget" data-e-type="widget" data-settings="{&quot;_animation&quot;:&quot;fadeIn&quot;,&quot;_animation_delay&quot;:300}" data-widget_type="text-editor.default">
				<div class="elementor-widget-container">
									<p>Die Folien der meisten Vorträge sind nun aufgeschaltet. Zum Herunterladen gehen Sie zum Programm und klicken auf den Vortrag, der Sie interessiert.</p>								</div>
				</div>
				</div>
		<div class="elementor-element elementor-element-8821ffa e-con-full e-flex e-con e-child" data-id="8821ffa" data-element_type="container" data-e-type="container">
				<div class="elementor-element elementor-element-44d757b elementor-invisible elementor-widget elementor-widget-heading" data-id="44d757b" data-element_type="widget" data-e-type="widget" data-settings="{&quot;_animation&quot;:&quot;fadeInUp&quot;}" data-widget_type="heading.default">
				<div class="elementor-widget-container">
					<h3 class="elementor-heading-title elementor-size-default">Videos zum 1. Schweizer Landschaftskongress</h3>				</div>
				</div>
		<div class="elementor-element elementor-element-8b0734d e-grid e-con-full e-con e-child" data-id="8b0734d" data-element_type="container" data-e-type="container">
		<div class="elementor-element elementor-element-0ef4294 e-con-full e-flex elementor-invisible e-con e-child" data-id="0ef4294" data-element_type="container" data-e-type="container" data-settings="{&quot;animation&quot;:&quot;fadeIn&quot;,&quot;animation_delay&quot;:300}">
				<div class="elementor-element elementor-element-f1aec86 elementor-widget elementor-widget-video" data-id="f1aec86" data-element_type="widget" data-e-type="widget" data-settings="{&quot;youtube_url&quot;:&quot;https:\/\/www.youtube.com\/embed\/A7ZJvSLUp1I&quot;,&quot;video_type&quot;:&quot;youtube&quot;,&quot;controls&quot;:&quot;yes&quot;}" data-widget_type="video.default">
				<div class="elementor-widget-container">
							<div class="elementor-wrapper elementor-open-inline">
			<div class="elementor-video"></div>		</div>
						</div>
				</div>
				</div>
		<div class="elementor-element elementor-element-4297828 e-con-full e-flex elementor-invisible e-con e-child" data-id="4297828" data-element_type="container" data-e-type="container" data-settings="{&quot;animation&quot;:&quot;fadeIn&quot;,&quot;animation_delay&quot;:300}">
				<div class="elementor-element elementor-element-6ed3490 elementor-widget elementor-widget-video" data-id="6ed3490" data-element_type="widget" data-e-type="widget" data-settings="{&quot;youtube_url&quot;:&quot;https:\/\/www.youtube.com\/embed\/qYVSamZia8g&quot;,&quot;video_type&quot;:&quot;youtube&quot;,&quot;controls&quot;:&quot;yes&quot;}" data-widget_type="video.default">
				<div class="elementor-widget-container">
							<div class="elementor-wrapper elementor-open-inline">
			<div class="elementor-video"></div>		</div>
						</div>
				</div>
				</div>
				</div>
				</div>
		<div class="elementor-element elementor-element-179bbd4 e-con-full e-flex e-con e-child" data-id="179bbd4" data-element_type="container" data-e-type="container">
				<div class="elementor-element elementor-element-cd73149 elementor-invisible elementor-widget elementor-widget-heading" data-id="cd73149" data-element_type="widget" data-e-type="widget" data-settings="{&quot;_animation&quot;:&quot;fadeInUp&quot;}" data-widget_type="heading.default">
				<div class="elementor-widget-container">
					<h3 class="elementor-heading-title elementor-size-default">Das Faltprogramm ist online verfügbar:</h3>				</div>
				</div>
				<div class="elementor-element elementor-element-e120ee9 elementor-invisible elementor-widget elementor-widget-text-editor" data-id="e120ee9" data-element_type="widget" data-e-type="widget" data-settings="{&quot;_animation&quot;:&quot;fadeIn&quot;,&quot;_animation_delay&quot;:300}" data-widget_type="text-editor.default">
				<div class="elementor-widget-container">
									<p>Downloads:<br />– <a href="https://landschaftskongress.ch/2018/wp-content/uploads/2025/10/090818_DE_Landschaft_Programm_web.pdf" target="_blank" rel="noopener">Faltprogramm</a></p>								</div>
				</div>
				</div>
					</div>
				</div>
				</div>

<p>SCHÖNEAUSSICHTEN? News / Aktuelles 23. &#8211; 24. August 2018 in Luzern Wie sieht die Schweiz von morgen aus? Welche Landschaften wünschen wir uns und was sind sie uns wert? Wie prägen Megatrends und Veränderungen in unserem persönlichen Verhalten die künftige Landschaft? Wer sind die zentralen Akteure der Landschaftsentwicklung? Welche Steuerungsinstrumente stehen uns zur Verfügung und [&hellip;]</p>
